{"id":3179,"date":"2026-05-04T07:27:59","date_gmt":"2026-05-04T05:27:59","guid":{"rendered":"https:\/\/kzic31.fr\/?page_id=3179"},"modified":"2026-05-04T07:59:27","modified_gmt":"2026-05-04T05:59:27","slug":"coaching-vocal","status":"publish","type":"page","link":"https:\/\/kzic31.fr\/?page_id=3179","title":{"rendered":"Coaching vocal"},"content":{"rendered":"\t\t<div data-elementor-type=\"wp-page\" data-elementor-id=\"3179\" class=\"elementor elementor-3179\">\n\t\t\t\t<div class=\"elementor-element elementor-element-07e0a8b e-flex e-con-boxed e-con e-parent\" data-id=\"07e0a8b\" data-element_type=\"container\" data-e-type=\"container\">\n\t\t\t\t\t<div class=\"e-con-inner\">\n\t\t\t\t<div class=\"elementor-element elementor-element-1276011 elementor-widget elementor-widget-text-editor\" data-id=\"1276011\" data-element_type=\"widget\" data-e-type=\"widget\" data-widget_type=\"text-editor.default\">\n\t\t\t\t<div class=\"elementor-widget-container\">\n\t\t\t\t\t\t\t\t\t<h2 style=\"font-style: normal; caret-color: #000000; color: #000000;\" data-section-id=\"5pnhik\" data-start=\"207\" data-end=\"267\">Coaching vocal, \u00a0musicoth\u00e9rapie et psychophonie.<\/h2><p style=\"font-style: normal; caret-color: #000000; color: #000000;\" data-start=\"269\" data-end=\"439\"><strong data-start=\"295\" data-end=\"339\">Coaching individuel\u00a0<\/strong>fond\u00e9 sur une approche globale de la voix : \u00e0 la fois\u00a0<strong data-start=\"395\" data-end=\"436\">technique, corporelle et \u00e9motionnelle<\/strong>.\u00a0<span style=\"font-family: var( --e-global-typography-text-font-family ), Sans-serif; text-align: var(--text-align);\">Ici, la voix n\u2019est pas seulement un outil musical c&#8217;<\/span><span style=\"font-family: var( --e-global-typography-text-font-family ), Sans-serif; text-align: var(--text-align);\">\u2019est un<\/span><span style=\"font-family: var( --e-global-typography-text-font-family ), Sans-serif; text-align: var(--text-align);\">\u00a0<\/span><strong style=\"font-family: var( --e-global-typography-text-font-family ), Sans-serif; text-align: var(--text-align);\" data-start=\"504\" data-end=\"558\">moyen d\u2019expression, de lib\u00e9ration et de mieux-\u00eatre et de transformation personnelle.<\/strong><span style=\"font-family: var( --e-global-typography-text-font-family ), Sans-serif; text-align: var(--text-align);\">.\u00a0<\/span><span style=\"font-family: var( --e-global-typography-text-font-family ), Sans-serif; text-align: var(--text-align);\">Chez Kzic31, il ne s\u2019agit pas de formater une voix,\u00a0<\/span><span style=\"font-family: var( --e-global-typography-text-font-family ), Sans-serif; text-align: var(--text-align);\">mais de\u00a0<\/span><strong style=\"font-family: var( --e-global-typography-text-font-family ), Sans-serif; text-align: var(--text-align);\" data-start=\"1816\" data-end=\"1836\">r\u00e9v\u00e9ler la v\u00f4tre<\/strong><span style=\"font-family: var( --e-global-typography-text-font-family ), Sans-serif; text-align: var(--text-align);\">, dans toute son authenticit\u00e9.<\/span><\/p>\t\t\t\t\t\t\t\t<\/div>\n\t\t\t\t<\/div>\n\t\t\t\t\t<\/div>\n\t\t\t\t<\/div>\n\t\t<div class=\"elementor-element elementor-element-78a86f5 e-flex e-con-boxed e-con e-parent\" data-id=\"78a86f5\" data-element_type=\"container\" data-e-type=\"container\">\n\t\t\t\t\t<div class=\"e-con-inner\">\n\t\t<div class=\"elementor-element elementor-element-a9bf5e5 e-con-full e-flex e-con e-child\" data-id=\"a9bf5e5\" data-element_type=\"container\" data-e-type=\"container\">\n\t\t\t\t<div class=\"elementor-element elementor-element-4732295 elementor-widget elementor-widget-text-editor\" data-id=\"4732295\" data-element_type=\"widget\" data-e-type=\"widget\" data-widget_type=\"text-editor.default\">\n\t\t\t\t<div class=\"elementor-widget-container\">\n\t\t\t\t\t\t\t\t\t<h2 style=\"font-style: normal; caret-color: #000000; color: #000000;\" data-section-id=\"11cwh8t\" data-start=\"566\" data-end=\"620\">Une approche unique : technique, musicoth\u00e9rapie &amp; psychophonie.<\/h2><p data-start=\"518\" data-end=\"578\">Les s\u00e9ances s\u2019appuient sur trois piliers compl\u00e9mentaires :<\/p><h3 data-section-id=\"ox0e34\" data-start=\"580\" data-end=\"603\">\ud83c\udfa4 Technique vocale<\/h3><ul data-start=\"604\" data-end=\"722\"><li data-section-id=\"1n92v3o\" data-start=\"604\" data-end=\"630\">Respiration et soutien<\/li><li data-section-id=\"d5jhlx\" data-start=\"631\" data-end=\"655\">Placement de la voix<\/li><li data-section-id=\"87gb84\" data-start=\"656\" data-end=\"694\">Justesse, rythme et interpr\u00e9tation<\/li><li data-section-id=\"1r8w46u\" data-start=\"695\" data-end=\"722\">D\u00e9veloppement du timbre<\/li><\/ul><h3 data-section-id=\"1o5zp90\" data-start=\"724\" data-end=\"745\">\ud83d\udc9b Musicoth\u00e9rapie<\/h3><ul data-start=\"746\" data-end=\"885\"><li data-section-id=\"i1bxja\" data-start=\"746\" data-end=\"787\">Lib\u00e9ration des tensions \u00e9motionnelles<\/li><li data-section-id=\"5jlaes\" data-start=\"788\" data-end=\"812\">Apaisement du stress<\/li><li data-section-id=\"3a95hs\" data-start=\"813\" data-end=\"852\">Expression de soi en toute s\u00e9curit\u00e9<\/li><li data-section-id=\"waucom\" data-start=\"853\" data-end=\"885\">Renforcement de la confiance<\/li><\/ul><h3 data-section-id=\"ghpkc9\" data-start=\"887\" data-end=\"932\">\ud83d\udd14 Psychophonie : la voix qui r\u00e9\u00e9quilibre<\/h3><p data-start=\"933\" data-end=\"1042\">Inspir\u00e9e du lien entre <strong data-start=\"956\" data-end=\"985\">sons, corps et conscience<\/strong>, la psychophonie utilise les vibrations vocales pour :<\/p><ul data-start=\"1044\" data-end=\"1200\"><li data-section-id=\"bv7mi1\" data-start=\"1044\" data-end=\"1083\">Harmoniser le corps et les \u00e9motions<\/li><li data-section-id=\"15n7iw8\" data-start=\"1084\" data-end=\"1122\">Favoriser l\u2019ancrage et la pr\u00e9sence<\/li><li data-section-id=\"17mmh7c\" data-start=\"1123\" data-end=\"1163\">Stimuler la circulation de l\u2019\u00e9nergie<\/li><li data-section-id=\"efuzbi\" data-start=\"1164\" data-end=\"1200\">Retrouver un \u00e9quilibre int\u00e9rieur<\/li><\/ul><p data-start=\"1202\" data-end=\"1284\">La voix devient alors un <strong data-start=\"1227\" data-end=\"1283\">outil de r\u00e9gulation et de reconnexion profonde \u00e0 soi<\/strong>.<\/p><p data-start=\"1021\" data-end=\"1107\">\u00a0<\/p><p style=\"font-size: 16px; font-style: normal; caret-color: #000000; color: #000000;\" data-start=\"1021\" data-end=\"1107\">Chaque s\u00e9ance devient un\u00a0<strong data-start=\"1046\" data-end=\"1106\">espace s\u00e9curisant pour se d\u00e9poser, s\u2019exprimer et \u00e9voluer<\/strong>.<\/p><h2 style=\"font-style: normal; caret-color: #000000; color: #000000;\" data-section-id=\"1hgvoxk\" data-start=\"1114\" data-end=\"1157\">Une organisation souple et accessible<\/h2><p style=\"font-style: normal; caret-color: #000000; color: #000000;\" data-start=\"1159\" data-end=\"1208\">Les cours sont pens\u00e9s pour s\u2019adapter \u00e0 chacun :<\/p><ul style=\"font-style: normal; caret-color: #000000; color: #000000;\" data-start=\"1210\" data-end=\"1406\"><li data-section-id=\"n5vgig\" data-start=\"1210\" data-end=\"1249\">Cours\u00a0<strong data-start=\"1218\" data-end=\"1247\">individuels personnalis\u00e9s<\/strong><\/li><li data-section-id=\"sa3gip\" data-start=\"1296\" data-end=\"1364\">Accompagnement\u00a0<strong data-start=\"1313\" data-end=\"1362\">progressif et respectueux du rythme de chacun<\/strong><\/li><li data-section-id=\"1kgxjuh\" data-start=\"1365\" data-end=\"1406\">S\u00e9ances ponctuelles ou suivi r\u00e9gulier<\/li><\/ul>\t\t\t\t\t\t\t\t<\/div>\n\t\t\t\t<\/div>\n\t\t\t\t<\/div>\n\t\t\t\t<div class=\"elementor-element elementor-element-6932f24 elementor-widget elementor-widget-image\" data-id=\"6932f24\" data-element_type=\"widget\" data-e-type=\"widget\" data-widget_type=\"image.default\">\n\t\t\t\t<div class=\"elementor-widget-container\">\n\t\t\t\t\t\t\t\t\t\t\t\t\t\t\t<img fetchpriority=\"high\" decoding=\"async\" width=\"683\" height=\"1024\" src=\"https:\/\/kzic31.fr\/wp-content\/uploads\/2025\/02\/DSC02432-683x1024.jpg\" class=\"attachment-large size-large wp-image-2839\" alt=\"\" srcset=\"https:\/\/kzic31.fr\/wp-content\/uploads\/2025\/02\/DSC02432-683x1024.jpg 683w, https:\/\/kzic31.fr\/wp-content\/uploads\/2025\/02\/DSC02432-200x300.jpg 200w, https:\/\/kzic31.fr\/wp-content\/uploads\/2025\/02\/DSC02432-768x1152.jpg 768w, https:\/\/kzic31.fr\/wp-content\/uploads\/2025\/02\/DSC02432-1024x1536.jpg 1024w, https:\/\/kzic31.fr\/wp-content\/uploads\/2025\/02\/DSC02432-1365x2048.jpg 1365w, https:\/\/kzic31.fr\/wp-content\/uploads\/2025\/02\/DSC02432-scaled.jpg 1706w\" sizes=\"(max-width: 683px) 100vw, 683px\" \/>\t\t\t\t\t\t\t\t\t\t\t\t\t\t\t<\/div>\n\t\t\t\t<\/div>\n\t\t\t\t\t<\/div>\n\t\t\t\t<\/div>\n\t\t<div class=\"elementor-element elementor-element-8ef388a e-flex e-con-boxed e-con e-parent\" data-id=\"8ef388a\" data-element_type=\"container\" data-e-type=\"container\">\n\t\t\t\t\t<div class=\"e-con-inner\">\n\t\t<div class=\"elementor-element elementor-element-3aa8612 e-con-full e-flex e-con e-child\" data-id=\"3aa8612\" data-element_type=\"container\" data-e-type=\"container\">\n\t\t\t\t<div class=\"elementor-element elementor-element-0663ed5 elementor-widget elementor-widget-image\" data-id=\"0663ed5\" data-element_type=\"widget\" data-e-type=\"widget\" data-widget_type=\"image.default\">\n\t\t\t\t<div class=\"elementor-widget-container\">\n\t\t\t\t\t\t\t\t\t\t\t\t\t\t\t<img decoding=\"async\" width=\"683\" height=\"1024\" src=\"https:\/\/kzic31.fr\/wp-content\/uploads\/2025\/02\/DSC_0073-683x1024.jpg\" class=\"attachment-large size-large wp-image-2837\" alt=\"\" srcset=\"https:\/\/kzic31.fr\/wp-content\/uploads\/2025\/02\/DSC_0073-683x1024.jpg 683w, https:\/\/kzic31.fr\/wp-content\/uploads\/2025\/02\/DSC_0073-200x300.jpg 200w, https:\/\/kzic31.fr\/wp-content\/uploads\/2025\/02\/DSC_0073-768x1152.jpg 768w, https:\/\/kzic31.fr\/wp-content\/uploads\/2025\/02\/DSC_0073-scaled.jpg 1707w\" sizes=\"(max-width: 683px) 100vw, 683px\" \/>\t\t\t\t\t\t\t\t\t\t\t\t\t\t\t<\/div>\n\t\t\t\t<\/div>\n\t\t\t\t<\/div>\n\t\t\t\t<div class=\"elementor-element elementor-element-d58eadd elementor-widget elementor-widget-text-editor\" data-id=\"d58eadd\" data-element_type=\"widget\" data-e-type=\"widget\" data-widget_type=\"text-editor.default\">\n\t\t\t\t<div class=\"elementor-widget-container\">\n\t\t\t\t\t\t\t\t\t<h2 style=\"font-style: normal; caret-color: #000000; color: #000000;\" data-section-id=\"gm72ks\" data-start=\"1461\" data-end=\"1477\">Pour qui ?<\/h2><p style=\"font-style: normal; caret-color: #000000; color: #000000;\" data-start=\"1479\" data-end=\"1532\">Ces cours s\u2019adressent \u00e0 toute personne souhaitant :<\/p><ul style=\"font-style: normal; caret-color: #000000; color: #000000;\" data-start=\"1534\" data-end=\"1712\"><li data-section-id=\"93q11a\" data-start=\"1534\" data-end=\"1567\">Am\u00e9liorer sa technique vocale<\/li><li data-section-id=\"x78r07\" data-start=\"1568\" data-end=\"1602\">Retrouver confiance en sa voix<\/li><li data-section-id=\"1rvpznk\" data-start=\"1603\" data-end=\"1640\">D\u00e9passer des blocages \u00e9motionnels<\/li><li data-section-id=\"6f0w9h\" data-start=\"1641\" data-end=\"1665\">Se reconnecter \u00e0 soi<\/li><li data-section-id=\"5z9qxr\" data-start=\"1666\" data-end=\"1712\">Utiliser le chant comme outil de bien-\u00eatre<\/li><li data-section-id=\"5z9qxr\" data-start=\"1666\" data-end=\"1712\">Pr\u00e9paration de castings, concerts, conf\u00e9rences&#8230;<\/li><\/ul><h2 style=\"font-style: normal; caret-color: #000000; color: #000000;\" data-section-id=\"gm72ks\" data-start=\"1461\" data-end=\"1477\">\u00a0<\/h2>\t\t\t\t\t\t\t\t<\/div>\n\t\t\t\t<\/div>\n\t\t\t\t\t<\/div>\n\t\t\t\t<\/div>\n\t\t<div class=\"elementor-element elementor-element-3f4a804 e-flex e-con-boxed e-con e-parent\" data-id=\"3f4a804\" data-element_type=\"container\" data-e-type=\"container\">\n\t\t\t\t\t<div class=\"e-con-inner\">\n\t\t\t\t\t<\/div>\n\t\t\t\t<\/div>\n\t\t\t\t<\/div>\n\t\t","protected":false},"excerpt":{"rendered":"<p>Coaching vocal, \u00a0musicoth\u00e9rapie et psychophonie. Coaching individuel\u00a0fond\u00e9 sur une approche globale de la voix : \u00e0 la fois\u00a0technique, corporelle et [&hellip;]<\/p>\n","protected":false},"author":1,"featured_media":0,"parent":0,"menu_order":6,"comment_status":"closed","ping_status":"closed","template":"","meta":{"_uag_custom_page_level_css":"","site-sidebar-layout":"no-sidebar","site-content-layout":"","ast-site-content-layout":"full-width-container","site-content-style":"default","site-sidebar-style":"default","ast-global-header-display":"","ast-banner-title-visibility":"","ast-main-header-display":"","ast-hfb-above-header-display":"","ast-hfb-below-header-display":"","ast-hfb-mobile-header-display":"","site-post-title":"disabled","ast-breadcrumbs-content":"","ast-featured-img":"disabled","footer-sml-layout":"","theme-transparent-header-meta":"","adv-header-id-meta":"","stick-header-meta":"","header-above-stick-meta":"","header-main-stick-meta":"","header-below-stick-meta":"","astra-migrate-meta-layouts":"default","ast-page-background-enabled":"default","ast-page-background-meta":{"desktop":{"background-color":"var(--ast-global-color-4)","background-image":"","background-repeat":"repeat","background-position":"center center","background-size":"auto","background-attachment":"scroll","background-type":"","background-media":"","overlay-type":"","overlay-color":"","overlay-opacity":"","overlay-gradient":""},"tablet":{"background-color":"","background-image":"","background-repeat":"repeat","background-position":"center center","background-size":"auto","background-attachment":"scroll","background-type":"","background-media":"","overlay-type":"","overlay-color":"","overlay-opacity":"","overlay-gradient":""},"mobile":{"background-color":"","background-image":"","background-repeat":"repeat","background-position":"center center","background-size":"auto","background-attachment":"scroll","background-type":"","background-media":"","overlay-type":"","overlay-color":"","overlay-opacity":"","overlay-gradient":""}},"ast-content-background-meta":{"desktop":{"background-color":"var(--ast-global-color-5)","background-image":"","background-repeat":"repeat","background-position":"center center","background-size":"auto","background-attachment":"scroll","background-type":"","background-media":"","overlay-type":"","overlay-color":"","overlay-opacity":"","overlay-gradient":""},"tablet":{"background-color":"var(--ast-global-color-5)","background-image":"","background-repeat":"repeat","background-position":"center center","background-size":"auto","background-attachment":"scroll","background-type":"","background-media":"","overlay-type":"","overlay-color":"","overlay-opacity":"","overlay-gradient":""},"mobile":{"background-color":"var(--ast-global-color-5)","background-image":"","background-repeat":"repeat","background-position":"center center","background-size":"auto","background-attachment":"scroll","background-type":"","background-media":"","overlay-type":"","overlay-color":"","overlay-opacity":"","overlay-gradient":""}},"footnotes":""},"class_list":["post-3179","page","type-page","status-publish","hentry"],"uagb_featured_image_src":{"full":false,"thumbnail":false,"medium":false,"medium_large":false,"large":false,"1536x1536":false,"2048x2048":false},"uagb_author_info":{"display_name":"admin1991","author_link":"https:\/\/kzic31.fr\/?author=1"},"uagb_comment_info":0,"uagb_excerpt":"Coaching vocal, \u00a0musicoth\u00e9rapie et psychophonie. Coaching individuel\u00a0fond\u00e9 sur une approche globale de la voix : \u00e0 la fois\u00a0technique, corporelle et [&hellip;]","_links":{"self":[{"href":"https:\/\/kzic31.fr\/index.php?rest_route=\/wp\/v2\/pages\/3179","targetHints":{"allow":["GET"]}}],"collection":[{"href":"https:\/\/kzic31.fr\/index.php?rest_route=\/wp\/v2\/pages"}],"about":[{"href":"https:\/\/kzic31.fr\/index.php?rest_route=\/wp\/v2\/types\/page"}],"author":[{"embeddable":true,"href":"https:\/\/kzic31.fr\/index.php?rest_route=\/wp\/v2\/users\/1"}],"replies":[{"embeddable":true,"href":"https:\/\/kzic31.fr\/index.php?rest_route=%2Fwp%2Fv2%2Fcomments&post=3179"}],"version-history":[{"count":34,"href":"https:\/\/kzic31.fr\/index.php?rest_route=\/wp\/v2\/pages\/3179\/revisions"}],"predecessor-version":[{"id":3214,"href":"https:\/\/kzic31.fr\/index.php?rest_route=\/wp\/v2\/pages\/3179\/revisions\/3214"}],"wp:attachment":[{"href":"https:\/\/kzic31.fr\/index.php?rest_route=%2Fwp%2Fv2%2Fmedia&parent=3179"}],"curies":[{"name":"wp","href":"https:\/\/api.w.org\/{rel}","templated":true}]}}