{"id":1850,"date":"2024-07-16T09:50:14","date_gmt":"2024-07-16T07:50:14","guid":{"rendered":"https:\/\/kzic31.fr\/?page_id=1850"},"modified":"2026-04-13T20:40:24","modified_gmt":"2026-04-13T18:40:24","slug":"accueil","status":"publish","type":"page","link":"https:\/\/kzic31.fr\/","title":{"rendered":"Accueil"},"content":{"rendered":"\t\t<div data-elementor-type=\"wp-page\" data-elementor-id=\"1850\" class=\"elementor elementor-1850\">\n\t\t\t\t\t\t<section class=\"elementor-section elementor-top-section elementor-element elementor-element-74661381 elementor-section-height-full elementor-section-full_width elementor-section-stretched elementor-section-height-default elementor-section-items-middle elementor-invisible\" data-id=\"74661381\" data-element_type=\"section\" data-e-type=\"section\" data-settings=\"{&quot;background_background&quot;:&quot;slideshow&quot;,&quot;animation&quot;:&quot;zoomIn&quot;,&quot;background_slideshow_gallery&quot;:[{&quot;id&quot;:2906,&quot;url&quot;:&quot;http:\\\/\\\/kzic31.fr\\\/wp-content\\\/uploads\\\/2025\\\/08\\\/DSC08663-scaled.jpg&quot;},{&quot;id&quot;:2508,&quot;url&quot;:&quot;http:\\\/\\\/kzic31.fr\\\/wp-content\\\/uploads\\\/2024\\\/08\\\/IMG_4668-1.jpg&quot;},{&quot;id&quot;:1958,&quot;url&quot;:&quot;http:\\\/\\\/kzic31.fr\\\/wp-content\\\/uploads\\\/2024\\\/08\\\/ok1.jpg&quot;},{&quot;id&quot;:1952,&quot;url&quot;:&quot;http:\\\/\\\/kzic31.fr\\\/wp-content\\\/uploads\\\/2024\\\/08\\\/DSC_0264-scaled.jpg&quot;},{&quot;id&quot;:2018,&quot;url&quot;:&quot;http:\\\/\\\/kzic31.fr\\\/wp-content\\\/uploads\\\/2024\\\/08\\\/DSC_0167-scaled.jpg&quot;},{&quot;id&quot;:1996,&quot;url&quot;:&quot;http:\\\/\\\/kzic31.fr\\\/wp-content\\\/uploads\\\/2024\\\/08\\\/DSC_0205-scaled.jpg&quot;},{&quot;id&quot;:2898,&quot;url&quot;:&quot;http:\\\/\\\/kzic31.fr\\\/wp-content\\\/uploads\\\/2025\\\/08\\\/DSC06358-scaled.jpg&quot;},{&quot;id&quot;:2901,&quot;url&quot;:&quot;http:\\\/\\\/kzic31.fr\\\/wp-content\\\/uploads\\\/2025\\\/08\\\/DSC_0010-scaled.jpg&quot;},{&quot;id&quot;:2903,&quot;url&quot;:&quot;http:\\\/\\\/kzic31.fr\\\/wp-content\\\/uploads\\\/2025\\\/08\\\/DSC_0189-2-scaled.jpg&quot;},{&quot;id&quot;:2904,&quot;url&quot;:&quot;http:\\\/\\\/kzic31.fr\\\/wp-content\\\/uploads\\\/2025\\\/08\\\/DSC_0395-scaled.jpg&quot;},{&quot;id&quot;:2905,&quot;url&quot;:&quot;http:\\\/\\\/kzic31.fr\\\/wp-content\\\/uploads\\\/2025\\\/08\\\/DSC_0318-scaled.jpg&quot;},{&quot;id&quot;:2907,&quot;url&quot;:&quot;http:\\\/\\\/kzic31.fr\\\/wp-content\\\/uploads\\\/2025\\\/08\\\/DSC08816-scaled.jpg&quot;}],&quot;background_slideshow_slide_duration&quot;:3000,&quot;stretch_section&quot;:&quot;section-stretched&quot;,&quot;background_slideshow_loop&quot;:&quot;yes&quot;,&quot;background_slideshow_slide_transition&quot;:&quot;fade&quot;,&quot;background_slideshow_transition_duration&quot;:500}\">\n\t\t\t\t\t\t\t<div class=\"elementor-background-overlay\"><\/div>\n\t\t\t\t\t\t\t<div class=\"elementor-container elementor-column-gap-no\">\n\t\t\t\t\t<div class=\"elementor-column elementor-col-100 elementor-top-column elementor-element elementor-element-641f8c39\" data-id=\"641f8c39\" data-element_type=\"column\" data-e-type=\"column\">\n\t\t\t<div class=\"elementor-widget-wrap\">\n\t\t\t\t\t\t\t<\/div>\n\t\t<\/div>\n\t\t\t\t\t<\/div>\n\t\t<\/section>\n\t\t<div class=\"elementor-element elementor-element-0ac1d56 e-flex e-con-boxed e-con e-parent\" data-id=\"0ac1d56\" data-element_type=\"container\" data-e-type=\"container\">\n\t\t\t\t\t<div class=\"e-con-inner\">\n\t\t\t\t<div class=\"elementor-element elementor-element-7ce25d0 elementor-widget elementor-widget-image\" data-id=\"7ce25d0\" data-element_type=\"widget\" data-e-type=\"widget\" data-widget_type=\"image.default\">\n\t\t\t\t<div class=\"elementor-widget-container\">\n\t\t\t\t\t\t\t\t\t\t\t\t\t\t\t<img fetchpriority=\"high\" decoding=\"async\" width=\"1024\" height=\"682\" src=\"https:\/\/kzic31.fr\/wp-content\/uploads\/2026\/03\/pexels-photo-3783471-3783471-1024x682.jpg\" class=\"attachment-large size-large wp-image-3101\" alt=\"pexels-photo-3783471-3783471.jpg\" srcset=\"https:\/\/kzic31.fr\/wp-content\/uploads\/2026\/03\/pexels-photo-3783471-3783471-1024x682.jpg 1024w, https:\/\/kzic31.fr\/wp-content\/uploads\/2026\/03\/pexels-photo-3783471-3783471-300x200.jpg 300w, https:\/\/kzic31.fr\/wp-content\/uploads\/2026\/03\/pexels-photo-3783471-3783471-768x512.jpg 768w, https:\/\/kzic31.fr\/wp-content\/uploads\/2026\/03\/pexels-photo-3783471-3783471.jpg 1280w\" sizes=\"(max-width: 1024px) 100vw, 1024px\" \/>\t\t\t\t\t\t\t\t\t\t\t\t\t\t\t<\/div>\n\t\t\t\t<\/div>\n\t\t\t\t<div class=\"elementor-element elementor-element-6bd7dee elementor-widget elementor-widget-text-editor\" data-id=\"6bd7dee\" data-element_type=\"widget\" data-e-type=\"widget\" data-widget_type=\"text-editor.default\">\n\t\t\t\t<div class=\"elementor-widget-container\">\n\t\t\t\t\t\t\t\t\t<p>INSCRIPTIONS POUR LES IMMERSSIONS CHORALES OUVERTES !<\/p>\n<p style=\"font-style: normal; caret-color: #000000; color: #000000;\" data-start=\"0\" data-end=\"232\">Plonge au c\u0153ur des immersions chorales de&nbsp;Kzic31&nbsp;!<br data-start=\"86\" data-end=\"89\" data-is-only-node=\"\">Avec&nbsp;<strong data-start=\"94\" data-end=\"106\">Kzic All<\/strong>&nbsp;et&nbsp;<strong data-start=\"110\" data-end=\"128\">Kzic in Gospel<\/strong>, vis une exp\u00e9rience unique : \u00e9nergie collective, \u00e9motions puissantes et voix qui vibrent \u00e0 l\u2019unisson.<\/p>\n<p style=\"font-style: normal; caret-color: #000000; color: #000000;\" data-start=\"234\" data-end=\"379\">Pas besoin d\u2019\u00eatre un chanteur professionnel : tu aimes chanter, tu es le pro des karaok\u00e9s ou un chanteur de salle de bain ? Tu es le bienvenu !<\/p>\n<p style=\"font-style: normal; caret-color: #000000; color: #000000;\" data-start=\"381\" data-end=\"488\">Seules conditions : aimer chanter, respecter le collectif\u2026 et avoir le sens de l&#8217;engagement.<\/p>\n<p style=\"font-style: normal; caret-color: #000000; color: #000000;\" data-start=\"490\" data-end=\"522\" data-is-last-node=\"\" data-is-only-node=\"\">Plus qu\u2019un chant, une immersion.<\/p>\n<p style=\"font-style: normal; caret-color: #000000; color: #000000;\" data-start=\"490\" data-end=\"522\" data-is-last-node=\"\" data-is-only-node=\"\">Tu veux tester, nous rencontrer, alors inscris toi via le lien suivant..<\/p>\n<p style=\"font-style: normal; caret-color: #000000; color: #000000;\" data-start=\"490\" data-end=\"522\" data-is-last-node=\"\" data-is-only-node=\"\"><a href=\"https:\/\/docs.google.com\/forms\/d\/e\/1FAIpQLSc2a93Lxntxg43LkowU_mVsQGRQQ0QwimHYaFGkRhH7HyEKtQ\/viewform\">GO J&#8217;ARRIVE !<\/a><\/p>\n<p style=\"font-style: normal; caret-color: #000000; color: #000000;\" data-start=\"490\" data-end=\"522\" data-is-last-node=\"\" data-is-only-node=\"\">RDV mardi 5 mai pour la chorale Kzic ALL<\/p>\n<p style=\"font-style: normal; caret-color: #000000; color: #000000;\" data-start=\"490\" data-end=\"522\" data-is-last-node=\"\" data-is-only-node=\"\">RDV jeudi 7 mai pour la chorale Kzic in Gospel&nbsp;<\/p>\t\t\t\t\t\t\t\t<\/div>\n\t\t\t\t<\/div>\n\t\t\t\t\t<\/div>\n\t\t\t\t<\/div>\n\t\t\t\t<section class=\"elementor-section elementor-top-section elementor-element elementor-element-43b69764 elementor-section-boxed elementor-section-height-default elementor-section-height-default\" data-id=\"43b69764\" data-element_type=\"section\" data-e-type=\"section\">\n\t\t\t\t\t\t<div class=\"elementor-container elementor-column-gap-no\">\n\t\t\t\t\t<div class=\"elementor-column elementor-col-50 elementor-top-column elementor-element elementor-element-4fdf9eb7\" data-id=\"4fdf9eb7\" data-element_type=\"column\" data-e-type=\"column\" data-settings=\"{&quot;background_background&quot;:&quot;classic&quot;}\">\n\t\t\t<div class=\"elementor-widget-wrap elementor-element-populated\">\n\t\t\t\t\t<div class=\"elementor-background-overlay\"><\/div>\n\t\t\t\t\t\t<div class=\"elementor-element elementor-element-178ae4c6 elementor-widget elementor-widget-heading\" data-id=\"178ae4c6\" data-element_type=\"widget\" data-e-type=\"widget\" data-widget_type=\"heading.default\">\n\t\t\t\t<div class=\"elementor-widget-container\">\n\t\t\t\t\t<h1 class=\"elementor-heading-title elementor-size-large\"><a href=\"https:\/\/kzic31.fr\/?page_id=1841\">GROUPES VOCAUX<\/a><\/h1>\t\t\t\t<\/div>\n\t\t\t\t<\/div>\n\t\t\t\t\t<\/div>\n\t\t<\/div>\n\t\t\t\t<div class=\"elementor-column elementor-col-50 elementor-top-column elementor-element elementor-element-3fa6479f\" data-id=\"3fa6479f\" data-element_type=\"column\" data-e-type=\"column\" data-settings=\"{&quot;background_background&quot;:&quot;classic&quot;}\">\n\t\t\t<div class=\"elementor-widget-wrap elementor-element-populated\">\n\t\t\t\t\t<div class=\"elementor-background-overlay\"><\/div>\n\t\t\t\t\t\t<div class=\"elementor-element elementor-element-3147e446 elementor-widget elementor-widget-heading\" data-id=\"3147e446\" data-element_type=\"widget\" data-e-type=\"widget\" data-widget_type=\"heading.default\">\n\t\t\t\t<div class=\"elementor-widget-container\">\n\t\t\t\t\t<h2 class=\"elementor-heading-title elementor-size-large\"><a href=\"https:\/\/kzic31.fr\/?page_id=1826\">FORMATIONS<\/a><\/h2>\t\t\t\t<\/div>\n\t\t\t\t<\/div>\n\t\t\t\t\t<\/div>\n\t\t<\/div>\n\t\t\t\t\t<\/div>\n\t\t<\/section>\n\t\t\t\t<section class=\"elementor-section elementor-top-section elementor-element elementor-element-71bb33bf elementor-section-boxed elementor-section-height-default elementor-section-height-default\" data-id=\"71bb33bf\" data-element_type=\"section\" data-e-type=\"section\" data-settings=\"{&quot;background_background&quot;:&quot;classic&quot;}\">\n\t\t\t\t\t\t\t<div class=\"elementor-background-overlay\"><\/div>\n\t\t\t\t\t\t\t<div class=\"elementor-container elementor-column-gap-no\">\n\t\t\t\t\t<div class=\"elementor-column elementor-col-100 elementor-top-column elementor-element elementor-element-4f4bfe26\" data-id=\"4f4bfe26\" data-element_type=\"column\" data-e-type=\"column\">\n\t\t\t<div class=\"elementor-widget-wrap elementor-element-populated\">\n\t\t\t\t\t\t<div class=\"elementor-element elementor-element-5e64d3fa elementor-widget elementor-widget-heading\" data-id=\"5e64d3fa\" data-element_type=\"widget\" data-e-type=\"widget\" data-widget_type=\"heading.default\">\n\t\t\t\t<div class=\"elementor-widget-container\">\n\t\t\t\t\t<h3 class=\"elementor-heading-title elementor-size-medium\">\"La musique offre beaucoup d'\u00e9motions, elle vous transporte...<br>La musique est encourageante, elle renforce\"        <br>                                            Aretha Franklin<\/h3>\t\t\t\t<\/div>\n\t\t\t\t<\/div>\n\t\t\t\t\t<\/div>\n\t\t<\/div>\n\t\t\t\t\t<\/div>\n\t\t<\/section>\n\t\t\t\t<\/div>\n\t\t","protected":false},"excerpt":{"rendered":"<p>INSCRIPTIONS POUR LES IMMERSSIONS CHORALES OUVERTES ! Plonge au c\u0153ur des immersions chorales de&nbsp;Kzic31&nbsp;!Avec&nbsp;Kzic All&nbsp;et&nbsp;Kzic in Gospel, vis une exp\u00e9rience [&hellip;]<\/p>\n","protected":false},"author":1,"featured_media":0,"parent":0,"menu_order":0,"comment_status":"closed","ping_status":"closed","template":"","meta":{"_uag_custom_page_level_css":"","site-sidebar-layout":"no-sidebar","site-content-layout":"page-builder","ast-site-content-layout":"","site-content-style":"default","site-sidebar-style":"default","ast-global-header-display":"","ast-banner-title-visibility":"","ast-main-header-display":"","ast-hfb-above-header-display":"","ast-hfb-below-header-display":"","ast-hfb-mobile-header-display":"","site-post-title":"disabled","ast-breadcrumbs-content":"","ast-featured-img":"","footer-sml-layout":"","theme-transparent-header-meta":"enabled","adv-header-id-meta":"","stick-header-meta":"","header-above-stick-meta":"","header-main-stick-meta":"","header-below-stick-meta":"","astra-migrate-meta-layouts":"default","ast-page-background-enabled":"default","ast-page-background-meta":{"desktop":{"background-color":"var(--ast-global-color-4)","background-image":"","background-repeat":"repeat","background-position":"center center","background-size":"auto","background-attachment":"scroll","background-type":"","background-media":"","overlay-type":"","overlay-color":"","overlay-opacity":"","overlay-gradient":""},"tablet":{"background-color":"","background-image":"","background-repeat":"repeat","background-position":"center center","background-size":"auto","background-attachment":"scroll","background-type":"","background-media":"","overlay-type":"","overlay-color":"","overlay-opacity":"","overlay-gradient":""},"mobile":{"background-color":"","background-image":"","background-repeat":"repeat","background-position":"center center","background-size":"auto","background-attachment":"scroll","background-type":"","background-media":"","overlay-type":"","overlay-color":"","overlay-opacity":"","overlay-gradient":""}},"ast-content-background-meta":{"desktop":{"background-color":"var(--ast-global-color-5)","background-image":"","background-repeat":"repeat","background-position":"center center","background-size":"auto","background-attachment":"scroll","background-type":"","background-media":"","overlay-type":"","overlay-color":"","overlay-opacity":"","overlay-gradient":""},"tablet":{"background-color":"var(--ast-global-color-5)","background-image":"","background-repeat":"repeat","background-position":"center center","background-size":"auto","background-attachment":"scroll","background-type":"","background-media":"","overlay-type":"","overlay-color":"","overlay-opacity":"","overlay-gradient":""},"mobile":{"background-color":"var(--ast-global-color-5)","background-image":"","background-repeat":"repeat","background-position":"center center","background-size":"auto","background-attachment":"scroll","background-type":"","background-media":"","overlay-type":"","overlay-color":"","overlay-opacity":"","overlay-gradient":""}},"footnotes":""},"class_list":["post-1850","page","type-page","status-publish","hentry"],"uagb_featured_image_src":{"full":false,"thumbnail":false,"medium":false,"medium_large":false,"large":false,"1536x1536":false,"2048x2048":false},"uagb_author_info":{"display_name":"admin1991","author_link":"https:\/\/kzic31.fr\/?author=1"},"uagb_comment_info":0,"uagb_excerpt":"INSCRIPTIONS POUR LES IMMERSSIONS CHORALES OUVERTES ! Plonge au c\u0153ur des immersions chorales de&nbsp;Kzic31&nbsp;!Avec&nbsp;Kzic All&nbsp;et&nbsp;Kzic in Gospel, vis une exp\u00e9rience [&hellip;]","_links":{"self":[{"href":"https:\/\/kzic31.fr\/index.php?rest_route=\/wp\/v2\/pages\/1850","targetHints":{"allow":["GET"]}}],"collection":[{"href":"https:\/\/kzic31.fr\/index.php?rest_route=\/wp\/v2\/pages"}],"about":[{"href":"https:\/\/kzic31.fr\/index.php?rest_route=\/wp\/v2\/types\/page"}],"author":[{"embeddable":true,"href":"https:\/\/kzic31.fr\/index.php?rest_route=\/wp\/v2\/users\/1"}],"replies":[{"embeddable":true,"href":"https:\/\/kzic31.fr\/index.php?rest_route=%2Fwp%2Fv2%2Fcomments&post=1850"}],"version-history":[{"count":160,"href":"https:\/\/kzic31.fr\/index.php?rest_route=\/wp\/v2\/pages\/1850\/revisions"}],"predecessor-version":[{"id":3115,"href":"https:\/\/kzic31.fr\/index.php?rest_route=\/wp\/v2\/pages\/1850\/revisions\/3115"}],"wp:attachment":[{"href":"https:\/\/kzic31.fr\/index.php?rest_route=%2Fwp%2Fv2%2Fmedia&parent=1850"}],"curies":[{"name":"wp","href":"https:\/\/api.w.org\/{rel}","templated":true}]}}